r when 28 is divided by ((-6)/(-2))/(6/c).
8
Suppose 0 = 4*i - 519 + 19. What is the remainder when i is divided by (-16)/(3/15*(-25)/10)?
29
Suppose 0 = -2*r + 3*r. Let i(f) = 3*f + 0*f + 3 + 3*f**2 + r*f**2. What is the remainder when i(-2) is divided by 5?
4
Let n(x) = x**2 - 2*x**2 - x + 3*x**3 + 1 + x**3 + x**3. Calculate the remainder when 13 is divided by n(1).
1
Let b(s) = s**3 + 10*s**2 - 5*s - 9. What is the remainder when b(-10) is divided by 11?
8
Let x(c) = c**3 + c**2 - c + 38. Let r(u) = u + 2. Let z be r(-2). Calculate the remainder when x(z) is divided by (75/(-60))/(2/(-16)).
8
Suppose 2*l + 2*c + 62 = 0, -6 = l - 3*c + 13. Let u = 46 + l. Calculate the remainder when u is divided by 5.
3
Suppose 0 = -4*q + 6 - 2. Let g(j) = 13*j + 1. Calculate the remainder when (4 - 1) + (31 - 9) is divided by g(q).
11
Suppose 0 = 4*t - 8, -4*z + 0*z + t = 70. Let o = z - -31. Calculate the remainder when 55 is divided by o.
13
Suppose 4*n = -4*b + 28, n - b + 1 - 12 = 0. Calculate the remainder when (-42)/(-3) - (-1 + -1) is divided by n.
7
Let j(v) = -6*v**3. Let z = 16 + -18. Let q = 4 + z. Calculate the remainder when j(-1) is divided by q.
0
Let x(b) = -2*b - 6. Let c be x(-5). Suppose c*o + 0*o = 60. What is the remainder when 29 is divided by o?
14
Let g(n) = -n**2 + 21*n - 35. What is the remainder when g(16) is divided by 23?
22
Suppose 9 = -5*k + 139. Suppose 44 = 5*t - q, -t + 3*t - 2*q = 16. Calculate the remainder when k is divided by t.
8
Suppose 2 = m + 1, -s + 24 = 3*m. Calculate the remainder when 82 is divided by s.
19
Suppose 31 = q - 1. Suppose 2*i = 22 + 12. What is the remainder when q is divided by i?
15
Let w = 83 + -33. Calculate the remainder when w is divided by 9.
5
Suppose -3*y + 15 = -0. Suppose -m = 0, m - 54 = -3*g + y*m. Let q(w) = 52*w**2. Calculate the remainder when q(1) is divided by g.
16
Let c(i) = 5*i**2 - 3*i + 2. Let y be c(1). Suppose 9*q - y*q - 270 = 0. What is the remainder when q is divided by 14?
12
Let k be (2 - -61) + 2 - -1. Let o = k - 25. Calculate the remainder when o is divided by 21.
20
Let c = 42 - 25. Let d = 124 - 75. Calculate the remainder when d is divided by c.
15
Suppose j = 12 + 6. Suppose -69 = -b - 17. What is the remainder when b is divided by j?
16
Let m = 590 - 558. Suppose 2*h = -3*b + 2*b + 17, -2*b = 2*h - 34. Calculate the remainder when m is divided by b.
15
Suppose -2*m + 3*d + 111 = 4*d, -2*d = -4*m + 234. Calculate the remainder when 56 is divided by (m/6 - 2)*2.
11
Suppose 2*n + 3*v - 9 = 0, 16 = -3*n + 4*v + 72. What is the remainder when n is divided by 3?
0
Let c(v) = -2*v**3 - 8*v**2 + 4*v + 11. Calculate the remainder when c(-6) is divided by 17.
12
Suppose -3*j - 10 = k - 8*j, 0 = k + 4*j - 26. Suppose 2*p - 175 = -5*t, 2*t - p = -t + 116. Let v = 56 - t. Calculate the remainder when v is divided by k.
9
Let f(m) = -5*m**2 - m**3 - 3*m**2 - 10 - 5*m + 16*m**2. Calculate the remainder when 14 is divided by f(7).
2
Suppose -2*q + 5 + 21 = 0. Let z(v) = 8*v + 1. Let d be z(1). Suppose 3*h = -d, -3*w - 3*h = -h - 105. What is the remainder when w is divided by q?
11
Let x = -9 + 12. Let d = x + 37. Calculate the remainder when d is divided by 21.
19
Suppose 5*x - 96 = -c + 430, -4*x - 2*c = -422. Let n be 0/(0 + 0 + 1). Suppose -5*w + x = -n*w. Calculate the remainder when 41 is divided by w.
20
Suppose -3*p - 8 = p - 5*n, -3*p = 4*n - 25. Let d = -31 - p. Let m = -19 - d. Calculate the remainder when 28 is divided by m.
13
Let m be 14/49 - 46/14. Let z = m - -16. What is the remainder when 36 is divided by z?
10
Let w(t) = t + 7. Let g be w(-10). Let r = g + 6. What is the remainder when 8 is divided by r?
2
Suppose -5*x + 10 = -0*x. Calculate the remainder when 5 is divided by x.
1
Let o(y) = 36*y + 1. Let j = 30 + -45. What is the remainder when o(1) is divided by (-192)/j - (-3)/15?
11
Suppose -c - 4*c = -25. Suppose 50 + 31 = 3*t + c*r, -3*t = 2*r - 81. What is the remainder when t is divided by 7?
6
Suppose 0 = 4*z - 7 - 65. Let p = 56 - z. Calculate the remainder when p is divided by 13.
12
Let h = -17 - -15. Calculate the remainder when 43 is divided by (-160)/(-15) - h/6.
10
Let s(y) = -16*y - 46. Calculate the remainder when 4 is divided by s(-3).
0
Calculate the remainder when (-350)/(-8) + 6/(-8) is divided by 11.
10
What is the remainder when 4/10 - (-8288)/80 is divided by 9?
5
Let p = 5 - 3. Suppose z - 1 = p. Suppose -5*v + 21 = -4. Calculate the remainder when v is divided by z.
2
Let w be (0 - 4/6)*-6. Suppose 0 = 4*x + 16, -6*x + x = -w*p - 52. What is the remainder when 28 is divided by ((-5)/3)/(2/p)?
13
Let g(z) = z**2 + 2*z + 24. What is the remainder when 45 is divided by g(0)?
21
Suppose -3*d = -3*c + 2 + 7, -6 = -2*c + 3*d. What is the remainder when (-10)/(-3) + (-2)/6 is divided by c?
0
Let x(q) = q**3 - 6*q**2 + 5*q + 3. Let l be x(5). Suppose 0*m + 4*r = l*m - 16, -5*r - 13 = -2*m. What is the remainder when 7 is divided by -8*(-2)/(0 + m)?
3
Let b be -18*(4 + (-11)/2). Suppose 5*l - 77 = -b. What is the remainder when l is divided by 3?
1
Suppose -5*q - 4*j + 16 = 0, 0*q = 2*q - j - 9. Let z = -6 - -4. Let r(y) = -y**3 + 3*y**2 + 4*y + 3. Calculate the remainder when r(z) is divided by q.
3
Suppose 8 + 34 = d. Calculate the remainder when d is divided by 15.
12
Suppose 6*p - 15 = p. What is the remainder when 14 is divided by p?
2
Let y(z) = -z**3 - 4*z**2 - 4*z - 1. Let f be y(-3). Suppose -19 + f = -t. Let v(u) = 3*u**2 + 3*u - 3. What is the remainder when v(3) is divided by t?
16
Let o = 21 + -19. Suppose n + 2*n + 226 = 5*c, -6 = -o*n. What is the remainder when c is divided by 12?
11
Suppose 0 = 2*m + 4, 5*f - 1 = 2*m + 3. Let v = -8 - f. Let t = 27 + v. Calculate the remainder when 36 is divided by t.
17
Let y = -7 + 8. What is the remainder when -1 + 0 + -2 - -6 is divided by y?
0
Suppose 0 = 4*k + 4, -2*a - k = 2*a - 299. Calculate the remainder when a is divided by 19.
18
Calculate the remainder when 26 - (24/(-4))/2 is divided by 15.
14
Let t(f) = 4*f**3 + 8*f**2 - 3*f + 7. Let c(q) = -q**3 - q. Let y(g) = 5*c(g) + t(g). Calculate the remainder when 60 is divided by y(6).
29
Let x = -2 + 4. Suppose -x*g + 3*g = -4. Let o = g - -7. What is the remainder when o is divided by 1?
0
Let d(p) be the third derivative of -p**5/60 + 3*p**4/8 + p**3/2 - p**2. Calculate the remainder when 20 is divided by d(8).
9
Suppose 4 = -f + 17. What is the remainder when f is divided by 6/(-27) - 130/(-18)?
6
Let j = -27 - -45. Suppose 2*w + j = -w. Calculate the remainder when 134/4 + (-3)/w is divided by 12.
10
Suppose -k + 0*c = -3*c - 8, -4*k - c = -45. Let m(n) = 2*n. Calculate the remainder when k is divided by m(3).
5
Let c = 25 + -11. What is the remainder when c is divided by 4?
2
Let k(s) be the second derivative of 17*s**3/6 + s. Let u(v) = -2*v**3 + v. Let i be u(-1). Calculate the remainder when k(i) is divided by 9.
8
Let g = -11 + 25. What is the remainder when 39 is divided by g?
11
Suppose -51 = -3*a - m, -m + 49 + 38 = 5*a. What is the remainder when a is divided by 4?
2
Let v = -50 - -75. What is the remainder when 69 is divided by v?
19
Suppose 76 = 4*x - 5*x. Let a = 130 + x. What is the remainder when a is divided by 14?
12
Let r(v) = 2*v**2 - 43. What is the remainder when r(-8) is divided by 30?
25
Suppose 5*k - 126 + 46 = 0. Suppose -21 = 5*j - 1. Let g = j + 10. Calculate the remainder when k is divided by g.
4
Let w(l) = 3 + 0 - 2 + 12*l. What is the remainder when w(1) is divided by 4 - 6/(-1 - 1)?
6
Suppose 0 = c + 9 - 4. Calculate the remainder when (-141)/(-5) - (-1)/c is divided by 10.
8
Let n be 4*(1 + (-2)/4). Suppose -4*t + 3*c + 11 = 0, -t = 5*c - n + 5. Suppose 0*y + o = t*y - 51, -5*o = 15. What is the remainder when y is divided by 13?
11
Suppose -16 = -s - 1. What is the remainder when s is divided by 13?
2
Let z = -150 + 250. What is the remainder when z is divided by 34?
32
Let b(k) = -6 + 8*k**2 + 0 - 8*k - 4*k + k**3 + 1. Calculate the remainder when 64 is divided by b(-9).
20
What is the remainder when (-71)/(((-4)/6)/((-2)/(-3))) is divided by 12?
11
Suppose 0 = 2*z + 3 - 31. Let d = -27 - -54. Calculate the remainder when d is divided by z.
13
Let l(x) = -x + 9. Let g be l(9). Suppose -5*f 